ate f(a).
-1
Let y(d) be the second derivative of -d**4/12 + d**3/6 - d**2 - d. Let q(k) = -k**3 - 35*k**2 + 33*k - 106. Let j be q(-36). Calculate y(j).
-4
Let q(y) = -11*y**2 + 7*y - 4. Let l(w) = 7*w**2 - 5*w + 2. Let j(o) = 8*l(o) + 5*q(o). Calculate j(6).
2
Let b(z) be the third derivative of z**5/60 - 5*z**4/24 - 5*z**3/6 - 8*z**2 - 4. Calculate b(3).
-11
Let b(u) = -u**3 + 6*u**2 - 13*u + 9. Let o(j) = -2*j**3 + j**2 + j. Let r(w) = b(w) - o(w). Give r(-7).
9
Let y(d) = 2*d**3 - 2*d**2 - 1. Let h(k) be the second derivative of -k**3/2 - 26*k**2 - 9*k. Let p be h(-18). Determine y(p).
7
Let s = 1 - -7. Suppose -3*r - 3*b - 24 = 0, s = 2*r - 2*b - 2*b. Let p be 150/(-35) - r/14. Let k(d) = -2*d - 2. Determine k(p).
6
Let p = 5 - 7. Suppose m - 15 = -4. Let y(a) = -9 + 7 + m*a - 9*a. Determine y(p).
-6
Let x(w) = 2 - 3 - 3*w - 5 + 5*w. Determine x(4).
2
Let h(j) = 1. Let o(d) = 3*d**3 - d**2 - 4. Let n be o(0). Let y(r) = r**3 + 5*r**2 - r + 3. Let u(b) = n*h(b) + y(b). Give u(-5).
4
Let w(p) = p**3 - 6*p**2 - 5*p - 1. Suppose 5*o + 5 = 0, 2*o = -3*v + 7*o + 26. Give w(v).
13
Let a(z) = -z - 4. Let s = -9 + 13. Suppose 5*y + o = 28, -y + 13 = s*y - 4*o. Suppose c - 3 = -y. Determine a(c).
-2
Suppose 26*r - 32*r + 18 = 0. Let o(u) = u**3 - 2*u**2 + 4*u - 2. Calculate o(r).
19
Let m(n) = -n**3 - 20*n**2 + 14*n. Let a(o) = 7*o**3 + 141*o**2 - 95*o. Let p(f) = 2*a(f) + 15*m(f). Determine p(-19).
-19
Let d(q) = 2*q - 5. Let h(t) be the third derivative of t**4/24 - t**3 - 6*t**2. Let v(k) = -2*d(k) + 3*h(k). What is v(0)?
-8
Let t(q) = 5 + 0*q - 2 - 2 - q. Let h be t(10). Let k(x) = -x**2 - 9*x - 7. Determine k(h).
-7
Suppose -2*h + 3*w - 5 = 0, 17*h - 4*w - 5 = 12*h. Let j(i) be the second derivative of -1/12*i**4 + 0 - 12*i + 0*i**3 + 0*i**2 - 11/20*i**h. Give j(-1).
10
Let t(c) = c - 4. Let k be t(6). Let f(d) = 1 - 10*d - 12*d**k - 3 + 0*d + 11*d**2. Calculate f(-10).
-2
Let c(u) be the second derivative of -u**4/24 + u**3/6 + 11*u**2/2 + 8*u. Let f(y) be the first derivative of c(y). Give f(4).
-3
Suppose 28 = 9*i - 2*i. Suppose -i*u - u = -10. Let b(y) = -3*y - 1. Calculate b(u).
-7
Let s(a) be the third derivative of -11*a**2 + 0*a + 1/10*a**5 + 11/24*a**4 + 3/2*a**3 + 0. Let m(q) = q**2 + q + 1. Let p(g) = -5*m(g) + s(g). What is p(-4)?
-4
Let i(o) be the second derivative of o**4/12 - o**3/2 - 5*o**2 - 352*o. What is i(5)?
0
Let x(u) be the first derivative of -u**3/3 + 3*u**2 - 2*u + 116. What is x(6)?
-2
Let d(b) = b**3 + 4*b**2 - 6*b - 5. Suppose 46 = -6*n + 8*n. Let s = 18 - n. Give d(s).
0
Let z(c) be the second derivative of -c**3 - 4*c**3 + 4*c**3 - c. Let w = 412 + -411. Determine z(w).
-6
Let k = 9 + -3. Suppose 0 = -2*b + 5*b - k, 3 = z - b. Suppose -2*w + 9 - z = 0. Let h(f) = 8*f + 2. Give h(w).
18
Let p(y) be the third derivative of 0*y + 1/120*y**6 + 0 - 14*y**2 - 1/24*y**4 + 0*y**5 - 2/3*y**3. What is p(0)?
-4
Let y = 28 - 17. Let f = y + -8. Let d(a) = 2*a**2 - 3*a + 3. Calculate d(f).
12
Let n(c) = c**2 - 7*c - 5. Let s(g) = 2*g**2 - 7*g - 4. Let h(l) = -3*n(l) + 2*s(l). Let b be 1 + (-24)/(-2 - -5). Determine h(b).
7
Let d(p) = 1. Let v(k) = -2. Let b(n) = 3*d(n) + 2*v(n). Let m(x) = x - 12. Let u(r) = -5*b(r) + m(r). Suppose -z = 492 - 497. Calculate u(z).
-2
Let b = 1 - -10. Suppose x + 7 = -4*h - b, -h - 7 = -x. Let k(g) = -2*g**2 + g + 1. Let z be k(x). Let n(c) = c**3 + 4*c**2 - 3*c + 2. Give n(z).
-8
Let s(n) = -9*n - 72. Let x be s(-9). Let o(a) = a**2 - 7*a - 11. Determine o(x).
7
Let g(f) be the third derivative of -11*f**5/20 + f**4/12 - f**3/6 - 198*f**2 + 1. Determine g(1).
-32
Let c(a) be the third derivative of a**5/60 - 3*a**3/2 + 645*a**2. Give c(0).
-9
Let c(t) = -1. Let l(i) = i**2 + 2. Let q(r) = c(r) + l(r). Let p(y) = -y**3 + 6*y + 2*y - 5 + 3 - 6*y**2 - y. Let v be p(-7). Give q(v).
5
Let r = 6 - 1. Let g(j) = -j**3 + 8*j**2 - 8*j + 9. Let q be g(7). Let c(o) = 0*o**q - 4*o**2 - 4*o + 0*o**2 + o**3 - 1 - 3. Determine c(r).
1
Let k(u) = 1 + 11*u**2 + 5*u**2 - 14*u**2 + 0 + 4*u. Determine k(-3).
7
Let r = -26 - -28. Suppose 0 = -f - y - r, 2*f + 9 = 3*y - 15. Let u(j) = j**3 + 6*j**2 + 2*j + 1. What is u(f)?
-11
Let r(b) = 2 - 6183*b + 3092*b + 2*b**2 + 3091*b - b**3. Let k = -1 - 1. Calculate r(k).
18
Let f(v) = -5*v - 9*v - 120*v**2 + 119*v**2 + 2 - 11. Calculate f(-6).
39
Let d be (2/(-6))/(45/(-2295)). Let h(u) = u - 16. Determine h(d).
1
Let g(c) = c + 15. Let i be (-13)/((-39)/(-6))*4/(-2). Determine g(i).
19
Let r be -2 + (6 - 4)*1. Let s(q) = r*q - 4*q + 2*q - q - 6. Give s(-5).
9
Let p(t) = -t**2 - 9*t - 9. Let a be p(-7). Let r(f) = -5*f - 4*f + 1 + 2*f + a*f. Give r(5).
-9
Suppose -v + 24 = 20. Suppose -v*y = -7*y. Let u(a) = a + 15. Let n(k) = -1. Let h(z) = 4*n(z) + u(z). What is h(y)?
11
Let b(i) = -8*i + 130. Let n be b(17). Let q(c) = 2*c**2 + 10*c + 15. What is q(n)?
27
Suppose -5*l + 3*l = -10. Let b = -469 + 475. Let q = b - l. Let y(o) = 4*o. Calculate y(q).
4
Let c(x) be the second derivative of x**3/2 - 3*x**2/2 + 6*x + 33. Determine c(5).
12
Suppose 2*v + 50 = 4*t, -t + 46 = -2*v - 1. Let j(u) = u**2 + 22*u - 21. What is j(v)?
2
Let c be 52/28 - 1/(-7). Let r(p) = -p - p + 0*p - 6 + 7 - 7*p**c. Let n be (1 - 1) + 2 + -1. Calculate r(n).
-8
Let a(k) = -k**2 - 7*k - 4. Suppose -12 = -0*t - 6*t. Let w(m) = -11*m - 12 - 4*m**2 + 2*m - 12*m + 0*m**t. Let c(r) = -7*a(r) + 2*w(r). Calculate c(6).
10
Let i(m) be the first derivative of -m**6/60 + m**5/60 + m**4/24 + 11*m**3/3 - 9. Let c(u) be the third derivative of i(u). Determine c(-1).
-7
Let d = -1 + 8. Let p(c) = 26 - d - 14 - 3*c. Let f = 11 - 7. Determine p(f).
-7
Let k(y) = y**2 + 19*y - 18. Let q be k(-20). Let l(c) be the first derivative of 1/2*c**2 - 5 + q*c. What is l(0)?
2
Suppose 20 = 4*l, -p + 30 = p + 4*l. Suppose -3*m = -2*r + 16, p*m - 6*m - 4 = 0. Let b(a) = -a**2 + 4*a - 3. Calculate b(r).
1
Let k(o) = -274 + 3*o + 557 + o**2 - 280. Give k(-6).
21
Let w(o) be the second derivative of o**7/2520 - 11*o**6/720 + o**5/15 - 5*o**4/2 - 36*o. Let u(a) be the third derivative of w(a). What is u(9)?
-10
Let o(i) = -i**3 - 8*i**2 - 2*i - 18. Let c be (48/18)/((-1)/3). Let s be o(c). Let v(f) = 2*f**2 + 2*f + 3. What is v(s)?
7
Let r(q) = q + 9. Let w be r(-7). Let x(s) = 10*s**2 - 8*s**2 - s**2 + w*s - 1 - 3. Calculate x(-4).
4
Suppose -6*t - 266 = -278. Let y(f) = f**2 + f - 10. Give y(t).
-4
Let u(l) = 10*l. Let t be ((-114)/(-12) + -12)*12/(-10). What is u(t)?
30
Let g = -2112 - -2114. Let f(s) = -7*s + 10. Calculate f(g).
-4
Let q(y) = 2*y. Let a(u) = -u + 4. Let f(g) = -4*g + 11. Let i(v) = 7*a(v) - 2*f(v). Let z be i(-3). Determine q(z).
6
Let p(u) = 2*u**2 + 2 + 896*u - 895*u + 3 + 5 + 1. Calculate p(0).
11
Let r(q) = 3*q - 9. Let t(p) = -p**3 + 4*p**2 + 10*p + 18. Let f be t(6). Determine r(f).
9
Let q(y) be the first derivative of 1/60*y**5 - 2/3*y**3 + 0*y - 1/8*y**4 - 2 - 5/2*y**2. Let j(l) be the second derivative of q(l). Calculate j(5).
6
Let o be ((-14)/42 - -1)/(2/48). Let l(h) = 2*h**2 - 34*h + 40. Determine l(o).
8
Let x(j) = j**2 - 2*j + 2. Let n = -97 + 99. Give x(n).
2
Let k(x) = -x**3 - 2*x**2. Let z(m) = 7*m**3 + 12*m**2 - 3. Let y(c) = -6*k(c) - z(c). Determine y(0).
3
Suppose -q + 5 = -2*t, 5*t + 3*q = -q + 20. Let x(o) = -o - 4 + o**2 + 2*o + 0. What is x(t)?
-4
Let g(y) = -45 + 3*y + 3*y - 4*y + 35. Let l be g(8). Let h(t) = t**3 - 7 - 5*t - 5*t**2 - 7 + 13. Determine h(l).
5
Let i(b) = b**2 + 3*b - 2. Suppose 61 = 4*c + 93. Let t(m) = 3*m**2 + 26*m + 13. Let f be t(c). Calculate i(f).
-2
Let a(w) = -w**2 + 4*w - 3. Let t(q) = q + 14. Let v(h) = 2*h**3 + 8*h**2 + 3*h. Let r be v(-4). Let m be t(r). Calculate a(m).
1
Suppose 10*w - 4*n + 2 = 9*w, -3*w - 2*n + 50 = 0. Let k(h) = -h**3 + 14*h**2 - h + 10. Give k(w).
-4
Let s(i) = 14*i**3 + i - 1. Let q be s(1). Let t be (7/q)/(1/(-10)). Let f(d) = -d**2 - 8*d - 5. Give f(t).
10
Let r be (-498)/(-102) + -5 - (-4)/34. Let v be (-1)/3*-1*(r - 9). Let x(j) = -2*j. What is x(v)?
6
Let r = 8 - 12. Let i(q) = 3 - 16*q + 24*q - 9*q - 1. What is i(r)?
6
Let y(g) = g**2 + 52*g - 23. Let z(w) = 3*w**2 + 138*w - 68. Let q(b) = -8*y(b) + 3*z(b). Calculate q(7).
15
Let m(j) be the first derivative of -5*j**3/3 - j + 93. Determine m(2).
-21
Let t(b) = -11*b**